{"id":41,"date":"2025-05-12T10:46:39","date_gmt":"2025-05-12T10:46:39","guid":{"rendered":"http:\/\/pomocnikpoz.pl\/?page_id=41"},"modified":"2026-03-03T11:07:18","modified_gmt":"2026-03-03T11:07:18","slug":"linki","status":"publish","type":"page","link":"https:\/\/pomocnikpoz.pl\/index.php\/linki\/","title":{"rendered":"Linki"},"content":{"rendered":"\n<p><strong>Opieka koordynowana<\/strong><\/p>\n\n\n\n<p>Tomografia serca &#8211; <a href=\"https:\/\/ptmr.info.pl\/wp-content\/uploads\/2025\/02\/Stanowisko_konsultantow_krajowych_angioTK_010225.pdf\" data-type=\"link\" data-id=\"https:\/\/ptmr.info.pl\/wp-content\/uploads\/2025\/02\/Stanowisko_konsultantow_krajowych_angioTK_010225.pdf\">Stanowisko konsultant\u00f3w krajowych w dziedzinie Kardiologii oraz w dziedzinie Medycyny Rodzinnej<\/a><\/p>\n\n\n\n<p><a href=\"https:\/\/ptmr.info.pl\/wp-content\/uploads\/2025\/02\/tabela-interpretacja-angio-TK_01.02.25.pdf\">Interpretacja wyniku angio-TK t\u0119tnic wie\u0144cowych \u2013 praktyczne implikacje diagnostyczno- terapeutyczne<\/a><\/p>\n\n\n\n<p>Lista punkt\u00f3w wykonuj\u0105cych [niepe\u0142na] w wojew\u00f3dztwie lubelskim:<\/p>\n\n\n\n<ul>\n<li><a href=\"https:\/\/szpital.ikardia.pl\/tomografia-komputerowa\">Ikardia <\/a>&#8211; Na\u0142\u0119cz\u00f3w, 81 561 24 70, ul. Micha\u0142a G\u00f3rskiego 9, 24 -140 Na\u0142\u0119cz\u00f3w<\/li>\n\n\n\n<li><a href=\"https:\/\/www.usk4.lublin.pl\/pl\/jednostki-medyczne\/zaklady\/zaklad-radiologii-i-medycyny-nuklearnej\">SPSK4 <\/a>&#8211; Lublin, Jaczewskiego 8, tel. 81 724 46 60<\/li>\n\n\n\n<li><a href=\"https:\/\/1wszk.pl\/zaklad-diagnostyki-obrazowej\/\">1. Szpital Wojskowy<\/a> &#8211; Lublin, Al. Rac\u0142awickie 23, tel. 814 736 580<\/li>\n\n\n\n<li><a href=\"https:\/\/szpital.lublin.pl\/diagnostyka-rehabilitacja\/diagnostyka-al-krasnicka-100\/224-zaklad-diagnostyki-obrazowej-i-radiologii-zabiegowej.html\">WSS <\/a>&#8211; Lublin, Al. Kra\u015bnickie 100, tel. 81 537 41 77, 81 537 41 78<\/li>\n<\/ul>\n\n\n\n<p>Dieta cukrzycowa &#8211; zalecenia Szpitala UJ [<a href=\"https:\/\/www.su.krakow.pl\/repozytorium-plikow\/strefa-pacjenta\/zalecenia-po-hospitalizacji\/80-dp-05b-dieta-w-cukrzycy-typu-2-z-przykladowym-jadlospisem-dla-diety-1600-kcal\/file\" data-type=\"link\" data-id=\"https:\/\/www.su.krakow.pl\/repozytorium-plikow\/strefa-pacjenta\/zalecenia-po-hospitalizacji\/80-dp-05b-dieta-w-cukrzycy-typu-2-z-przykladowym-jadlospisem-dla-diety-1600-kcal\/file\">link<\/a>]<\/p>\n\n\n\n<p>Dieta w hipercholesterolemii &#8211; zalecenia UCK w Gda\u0144sku [<a href=\"https:\/\/uck.pl\/content\/download\/D-06-Dieta-w-hipercholesterolemii.pdf\">link<\/a>]<\/p>\n\n\n\n<p>Opieka koordynowana &#8211; oficjalne wytyczne NFZ [<a href=\"https:\/\/koordynowana.nfz.gov.pl\/sciezki-diagnostyczno-terapeutyczne\/\">link<\/a>]<\/p>\n\n\n\n<p>Plac\u00f3wki wykonuj\u0105ce densytometri\u0119 [<a href=\"https:\/\/osteoporoza.pl\/pracownie-densytometryczne\/\" target=\"_blank\" rel=\"noopener\" title=\"\">link<\/a>]<\/p>\n\n\n\n<p>Przygotowanie do kolonoskopii &#8211; rozpiska godzinowa przyjmowania Fortrans\/Moviprep + Espumisan Easy [<a data-type=\"link\" data-id=\"https:\/\/www.internus.pl\/wp-content\/uploads\/2024\/09\/Przygotowanie-do-badania-kolonoskopii.pdf\" href=\"https:\/\/www.internus.pl\/wp-content\/uploads\/2024\/09\/Przygotowanie-do-badania-kolonoskopii.pdf\">link<\/a>]. Eziclen [<a href=\"https:\/\/www.chirurgsiemion.pl\/sites\/default\/files\/zalczaniki\/przygotowanie-do-kolonoskopii-preparatem-eziclen.pdf\" target=\"_blank\" rel=\"noopener\" title=\"\">link<\/a>]<\/p>\n\n\n\n<p>Medycyna tropikalna i medycyna podr\u00f3\u017cy:<\/p>\n\n\n\n<ul>\n<li><a href=\"https:\/\/gten.travel\/prep\/prep\">Travel Providers\u2019 Rapid Evaluation Portal (Pre-Travel PREP) &#8211; Travel Tools &#8211; Global TravEpiNet &#8211; A National Consortium of Travel Health Providers<\/a><\/li>\n\n\n\n<li><a href=\"https:\/\/medycynatropikalna.pl\/\">Medycyna podr\u00f3\u017cy | Kompendium chor\u00f3b tropikalnych<\/a><\/li>\n\n\n\n<li><a href=\"https:\/\/www.cdc.gov\/yellow-book\/index.html\">Yellow Book | Yellow Book | CDC<\/a><\/li>\n<\/ul>\n","protected":false},"excerpt":{"rendered":"<p>Opieka koordynowana Tomografia serca &#8211; Stanowisko konsultant\u00f3w krajowych w dziedzinie Kardiologii oraz w dziedzinie Medycyny Rodzinnej Interpretacja wyniku angio-TK t\u0119tnic wie\u0144cowych \u2013 praktyczne implikacje diagnostyczno- terapeutyczne Lista punkt\u00f3w wykonuj\u0105cych [niepe\u0142na] w wojew\u00f3dztwie lubelskim: Dieta cukrzycowa &#8211; zalecenia Szpitala UJ [link] Dieta w hipercholesterolemii &#8211; zalecenia UCK w Gda\u0144sku [link] Opieka koordynowana &#8211; oficjalne wytyczne NFZ [&hellip;]<\/p>\n","protected":false},"author":1,"featured_media":0,"parent":0,"menu_order":0,"comment_status":"closed","ping_status":"closed","template":"","meta":{"om_disable_all_campaigns":false,"_monsterinsights_skip_tracking":false,"_monsterinsights_sitenote_active":false,"_monsterinsights_sitenote_note":"","_monsterinsights_sitenote_category":0,"footnotes":""},"aioseo_notices":[],"_links":{"self":[{"href":"https:\/\/pomocnikpoz.pl\/index.php\/wp-json\/wp\/v2\/pages\/41"}],"collection":[{"href":"https:\/\/pomocnikpoz.pl\/index.php\/wp-json\/wp\/v2\/pages"}],"about":[{"href":"https:\/\/pomocnikpoz.pl\/index.php\/wp-json\/wp\/v2\/types\/page"}],"author":[{"embeddable":true,"href":"https:\/\/pomocnikpoz.pl\/index.php\/wp-json\/wp\/v2\/users\/1"}],"replies":[{"embeddable":true,"href":"https:\/\/pomocnikpoz.pl\/index.php\/wp-json\/wp\/v2\/comments?post=41"}],"version-history":[{"count":7,"href":"https:\/\/pomocnikpoz.pl\/index.php\/wp-json\/wp\/v2\/pages\/41\/revisions"}],"predecessor-version":[{"id":75,"href":"https:\/\/pomocnikpoz.pl\/index.php\/wp-json\/wp\/v2\/pages\/41\/revisions\/75"}],"wp:attachment":[{"href":"https:\/\/pomocnikpoz.pl\/index.php\/wp-json\/wp\/v2\/media?parent=41"}],"curies":[{"name":"wp","href":"https:\/\/api.w.org\/{rel}","templated":true}]}}